{"id":2,"date":"2010-12-18T18:02:25","date_gmt":"2010-12-18T18:02:25","guid":{"rendered":"http:\/\/matbitenhudik.se\/?page_id=2"},"modified":"2026-01-18T15:29:28","modified_gmt":"2026-01-18T14:29:28","slug":"about","status":"publish","type":"page","link":"https:\/\/www.matbitenhudik.se\/","title":{"rendered":"Nyheter"},"content":{"rendered":"\n<p class=\"has-medium-font-size\"><\/p>\n\n\n\n<figure class=\"wp-block-image size-full\"><a href=\"https:\/\/media69.matbitenhudik.se\/2026\/01\/image-2.png\"><img loading=\"lazy\" decoding=\"async\" width=\"800\" height=\"470\" src=\"https:\/\/media69.matbitenhudik.se\/2026\/01\/image-2.png\" alt=\"\" class=\"wp-image-2747\" srcset=\"http:\/\/media69.matbitenhudik.se\/2026\/01\/image-2.png 800w, http:\/\/media69.matbitenhudik.se\/2026\/01\/image-2-300x176.png 300w, http:\/\/media69.matbitenhudik.se\/2026\/01\/image-2-768x451.png 768w\" sizes=\"auto, (max-width: 800px) 100vw, 800px\" \/><\/a><\/figure>\n\n\n\n<p class=\"has-medium-font-size\"> <br>Varmt v\u00e4lkomna.\/\/ Kicki och Tommy med v\u00e5ran fina personal.<\/p>\n\n\n\n<h2 class=\"wp-block-heading\">&nbsp; <\/h2>\n\n\n\n<div class=\"wp-block-group is-layout-constrained wp-block-group-is-layout-constrained\"><\/div>\n\n\n\n<h2 class=\"wp-block-heading\">Vi finns p\u00e5 Hyggesv\u00e4gen 1 Hudiksvall. <br>Mer info finns p\u00e5 fliken &#8221;H\u00e4r finns vi&#8221;<\/h2>\n\n\n\n<h2 class=\"wp-block-heading\">&nbsp;<\/h2>\n\n\n\n<h2 class=\"wp-block-heading\">D\u00e4r vi erbjuder husmanskost och en h\u00e4rlig salladsbuff\u00e9, bra parkering och uteplatser<\/h2>\n\n\n\n<h2 class=\"wp-block-heading\">&nbsp;<\/h2>\n\n\n\n<p><\/p>\n","protected":false},"excerpt":{"rendered":"<p>Varmt v\u00e4lkomna.\/\/ Kicki och Tommy med v\u00e5ran fina personal. &nbsp; Vi finns p\u00e5 Hyggesv\u00e4gen 1 Hudiksvall. Mer info finns p\u00e5 fliken &#8221;H\u00e4r finns vi&#8221; &nbsp; D\u00e4r vi erbjuder husmanskost och en h\u00e4rlig salladsbuff\u00e9, bra parkering och uteplatser &nbsp;<\/p>\n","protected":false},"author":2,"featured_media":0,"parent":0,"menu_order":0,"comment_status":"closed","ping_status":"open","template":"","meta":{"advanced_seo_description":"","jetpack_seo_html_title":"","jetpack_seo_noindex":false,"jetpack_post_was_ever_published":false,"footnotes":""},"class_list":["post-2","page","type-page","status-publish","hentry"],"jetpack_sharing_enabled":true,"jetpack_shortlink":"https:\/\/wp.me\/P8HAWt-2","_links":{"self":[{"href":"https:\/\/www.matbitenhudik.se\/index.php?rest_route=\/wp\/v2\/pages\/2","targetHints":{"allow":["GET"]}}],"collection":[{"href":"https:\/\/www.matbitenhudik.se\/index.php?rest_route=\/wp\/v2\/pages"}],"about":[{"href":"https:\/\/www.matbitenhudik.se\/index.php?rest_route=\/wp\/v2\/types\/page"}],"author":[{"embeddable":true,"href":"https:\/\/www.matbitenhudik.se\/index.php?rest_route=\/wp\/v2\/users\/2"}],"replies":[{"embeddable":true,"href":"https:\/\/www.matbitenhudik.se\/index.php?rest_route=%2Fwp%2Fv2%2Fcomments&post=2"}],"version-history":[{"count":168,"href":"https:\/\/www.matbitenhudik.se\/index.php?rest_route=\/wp\/v2\/pages\/2\/revisions"}],"predecessor-version":[{"id":2760,"href":"https:\/\/www.matbitenhudik.se\/index.php?rest_route=\/wp\/v2\/pages\/2\/revisions\/2760"}],"wp:attachment":[{"href":"https:\/\/www.matbitenhudik.se\/index.php?rest_route=%2Fwp%2Fv2%2Fmedia&parent=2"}],"curies":[{"name":"wp","href":"https:\/\/api.w.org\/{rel}","templated":true}]}}